 be (-3)/((-63)/140)*3/1. Calculate the highest common factor of s and 164.
4
Let t = 51 + -48. Calculate the highest common divisor of t and 1.
1
Suppose 3*q - 2*n = 426, -5*q + 2*n + 706 = -0*n. What is the highest common divisor of 50 and q?
10
Let a be 12*(-1 + 9/(-6) - -1). Let h be (-10)/((-50)/15) - (a - 0). What is the highest common factor of 42 and h?
21
Let j(o) = -57*o**3 - 4*o**2 - o + 2. Let k be j(-1). What is the highest common divisor of k and 490?
14
Let d(w) = 46*w + 11. Let u = -80 - -87. Let m be d(u). What is the highest common divisor of m and 37?
37
Let b be 102/((-6)/(-3)) - 3. Suppose 4*o - 2*o - 36 = 3*y, 5*o + 3*y - b = 0. Calculate the greatest common factor of o and 6.
6
Let j be 37*(-20 + 11 - -10). Suppose q - 888 = -3*q. What is the highest common divisor of q and j?
37
Let q be ((-28)/10)/(18/10 - 2). Suppose -q*d - 48 = -17*d. Calculate the greatest common divisor of 8 and d.
8
Let y = -75 + 106. Suppose -3*z + 335 = 5*g, g - 142 = -z - y. What is the highest common factor of z and 22?
22
Let w(f) = f + 2. Let n be w(3). Suppose 15 = n*p - 45. Suppose -11*t = -508 + 178. Calculate the highest common divisor of t and p.
6
Suppose -26 = 10*y - 12*y. Suppose 0 = 5*i + 26 - 741. Calculate the greatest common divisor of i and y.
13
Suppose 4*g + o - 3 - 145 = 0, o = -g + 40. Suppose 2*q - 493 = 2*b + 1, 4*b = -4*q + 1028. Calculate the highest common factor of g and q.
36
Let l be (-1)/4 + 2434/8. Suppose 5*k = l + 1326. Suppose f + 444 = 4*x + 2*f, f + k = 3*x. What is the greatest common factor of 10 and x?
10
Let x(s) = s - 2 - 2*s - 1 + 2*s. Let t be x(7). What is the greatest common factor of 20 and t?
4
Suppose 4*q = 4*r + 8, q + 2 - 10 = 3*r. Let f = q + 37. Suppose -5*w + 36 + 54 = 0. Calculate the greatest common factor of w and f.
18
Suppose -11*v = -30*v + 1083. Calculate the greatest common divisor of 209 and v.
19
Suppose -5*c = -9*c - 4, -5*k - c = -1679. What is the greatest common divisor of 42 and k?
42
Let t(k) be the first derivative of k**2/2 - 16*k + 11. Let w be t(12). Let i = 6 + w. What is the highest common divisor of i and 2?
2
Let l(t) be the second derivative of -t**5/20 + t**3 + 2*t**2 + 6*t. Let b be l(-5). What is the greatest common divisor of 9 and b?
9
Suppose -18*s = -39*s + 5439. Calculate the greatest common divisor of s and 7.
7
Suppose 3*f + 55 = 2*j, 0 = 3*j - 4*f + 8*f - 57. What is the greatest common divisor of 69 and j?
23
Let i(x) = -5*x - 18. Let u be i(-6). Let w(c) = -13*c**3 + c. Let g = -15 + 14. Let z be w(g). What is the greatest common factor of z and u?
12
Let z(y) = -y. Let h be z(4). Let o = -19 + 149. Let l be (o/(-25))/(h/10). What is the highest common factor of l and 13?
13
Let h = 628 + -575. Calculate the greatest common divisor of 212 and h.
53
Let w = 12 - -26. Suppose 34 = 3*f - w. Let p = 26 - f. Calculate the greatest common factor of 4 and p.
2
Suppose -2*v = o - 85, -2*v + 11*o - 9*o = -70. Calculate the highest common factor of 50 and v.
10
Let j = 424 + -394. What is the greatest common factor of j and 8?
2
Suppose -9*g + 11*g - 27 = -3*b, 4*b = -2*g + 34. Calculate the greatest common divisor of b and 2779.
7
Suppose -p - p + 12 = -2*c, -5*p = -3*c - 28. Suppose -18 = -5*a - p*g + 42, 0 = 3*a - 5*g - 28. What is the highest common factor of 11 and a?
11
Suppose 0 = j + 5*g - 173, -4*j + 4*g + 596 = -0*g. Suppose 0 = 3*c - 10 - 2. Suppose -109 = -c*k - 41. What is the highest common factor of k and j?
17
Suppose -y + 123 = 44. Let v = y - 47. What is the highest common factor of 96 and v?
32
Let c = 26 - 25. Let a(f) = 6*f**3 + 1. Let z be a(c). Calculate the highest common divisor of 7 and z.
7
Let n(j) = -4 - 3*j + 10 - 7*j. Let x be n(-11). Suppose -6*o + 500 = x. Calculate the greatest common divisor of o and 8.
8
Let c = 1981 + -1912. What is the greatest common factor of 529 and c?
23
Let g(k) be the second derivative of -k**5/20 - k**4/12 + k**3/6 + 44*k**2 + 10*k. Let y be g(0). What is the greatest common factor of y and 11?
11
Let u(n) = -n**3 - 6*n**2 - 36. Let h be u(-7). Calculate the highest common divisor of h and 39.
13
Suppose -5*m + 3*h = -111, 115 = 5*m - 2*h + 1. Suppose 4*i + m = 88. What is the greatest common factor of i and 32?
16
Suppose 4*f - 1998 = -33*f. What is the greatest common factor of 4 and f?
2
Let v(z) = -z**3 - 15*z**2 - z - 11. Let m be v(-15). Suppose -21*r + m*r = -408. What is the greatest common factor of r and 12?
12
Let o be (-10413)/(-99) - 2/11. Let u = -14 + 35. What is the greatest common factor of o and u?
21
Suppose 2*j = -0 + 2. Let y be (-5 - 1) + -1 + j. Let i = 12 - y. What is the highest common factor of i and 9?
9
Let y(z) = 65*z + 16. Let d(o) = 1. Let x(m) = -2*d(m) - y(m). Let k be x(-4). Calculate the highest common factor of k and 22.
22
Let v be (-5*2)/5 + 5. Suppose 28 = v*r - 5*s, -2*s = r + s. Calculate the greatest common divisor of r and 8.
2
Let c be (-1)/((-2)/(-1) + (-210)/104). Calculate the greatest common factor of c and 13.
13
Suppose -1799 = -3*d - 4*c, 2*c - 702 = -5*d + 2315. What is the highest common divisor of d and 55?
55
Let j = 399 - 373. What is the greatest common divisor of 78 and j?
26
Suppose 751 = 4*u + 59. Suppose 5*l = -g + 301, 2*g + 3*l - 408 = u. Let f = -187 + g. Calculate the greatest common divisor of 11 and f.
11
Suppose -5*n = 3*q - 443, 2*q + 2*q + 172 = 2*n. Let g(o) = 9*o**3 + o. Let j be g(-1). Let u = 1 - j. What is the greatest common factor of n and u?
11
Let v(q) = 2*q**3 - q**2 + 5*q - 5. Let u be v(2). What is the greatest common factor of u and 476?
17
Let x(r) = 13*r - 3*r - 1 - 9*r. Let j(w) = -w + 14. Let t(a) = -j(a) - 3*x(a). Let k be t(-7). Calculate the greatest common divisor of k and 6.
3
Let s be 2/((3*-1)/((-1710)/12)). Let l = 6 + 13. What is the highest common divisor of l and s?
19
Let g = 12 - 8. Suppose 40 = -0*z + g*z. What is the highest common factor of 10 and z?
10
Suppose -2 + 4 = c. Suppose -c*m + 0 = -16. Suppose 0 = -6*b + 20 + 28. Calculate the greatest common divisor of b and m.
8
Let g = 121 + -49. Calculate the highest common divisor of g and 32.
8
Let l(m) = 4*m - 8. Let h be 4/20 + 12/15. Suppose a - 4 = h. Let u be l(a). What is the greatest common factor of u and 18?
6
Suppose -21*m + 20 = -17*m. Suppose 2*q = m + 13. What is the highest common divisor of 9 and q?
9
Let o(i) = -i**3 - 6*i**2 + 4. Let q be o(-6). Suppose 5*k - b = 80, -b + 45 = q*k + 2*b. Calculate the highest common factor of k and 15.
15
Let n be 8/(-52) + 984/(-26). Suppose 3*f + y + 47 = -0*y, 0 = f + 2*y + 24. Let k = f - n. Calculate the greatest common divisor of k and 3.
3
Suppose -146 = -14*f + 78. What is the highest common divisor of f and 6?
2
Let k be 12 + (1 + 0)/(-1). Let g = -37 - -41. Suppose j = g - 3. What is the greatest common factor of k and j?
1
Suppose -3*l + 117 = -6*l. Let t = l - -77. What is the highest common divisor of t and 19?
19
Suppose 2*s = -3*v - 3*s - 296, 4 = -s. Let h = -55 - v. What is the highest common factor of 37 and h?
37
Let f(k) = k + 15. Let y be f(-13). Let d be y/((9/2)/9). What is the greatest common divisor of d and 36?
4
Suppose 0 = 16*z + 18*z - 12240. Calculate the highest common divisor of z and 225.
45
Let d(z) = z**3 - 15*z + 2. Let s be d(5). Suppose 37 = 5*l - 28. What is the highest common factor of s and l?
13
Suppose -1034 + 214 = -4*c. Calculate the greatest common factor of 41 and c.
41
Let a(p) = -17*p**3 - p**2 + 1. Let v be a(-2). Calculate the highest common divisor of 14 and v.
7
Suppose 93*v + 189 = 94*v. Calculate the highest common divisor of 27 and v.
27
Let y = 1439 + -1339. What is the greatest common divisor of 30 and y?
10
Let t(d) = -d**2 - 21*d - 5. Let m be t(-19). What is the greatest common divisor of 209 and m?
11
Let f(d) = -9*d**2 - 3*d + 4*d - 3 + 9 + d**3. Let r be f(9). Let u be 35/(-10)*(-1 - r). Calculate the highest common divisor of u and 14.
14
Let h be (-2 - -1*3)/((-13)/(-52)). Suppose 3*t = -f + h*t + 1, -5*f - t + 23 = 0. What is the highest common divisor of 16 and f?
4
Let j(p) = -p**2 - 22*p - 57. Let a be j(-24). Let z = 108 + a. Calculate the greatest common factor of z and 18.
3
Suppose -4*b + 8*b = 76. Suppose 11 = 6*d - b. Calcul